08318.
22
What is the greatest common divisor of 6507650 and 3140?
1570
What is the greatest common divisor of 747143 and 4141?
41
Calculate the greatest common divisor of 150471 and 324.
27
Calculate the highest common divisor of 2 and 3696206.
2
Calculate the greatest common factor of 1918 and 9379294.
274
What is the highest common factor of 31188 and 18906?
138
Calculate the greatest common factor of 76685 and 798700.
245
Calculate the highest common factor of 50436638 and 14.
14
Calculate the greatest common factor of 5196 and 22500412.
1732
Calculate the highest common divisor of 234041078 and 116.
58
What is the greatest common factor of 38076823 and 82?
41
What is the greatest common factor of 17013060 and 1226700?
8460
What is the greatest common divisor of 111 and 34684355?
37
Calculate the highest common factor of 4154070 and 60.
30
Calculate the highest common factor of 58184 and 104608.
56
What is the greatest common factor of 215140 and 12028?
124
What is the greatest common divisor of 14476 and 23436?
28
What is the highest common factor of 404999 and 194768?
329
Calculate the greatest common factor of 549432 and 1111032.
936
What is the greatest common divisor of 323359813 and 7?
7
Calculate the highest common factor of 32112 and 4323672.
72
What is the highest common factor of 1454667651 and 9?
9
Calculate the greatest common divisor of 21441684 and 12.
12
Calculate the highest common divisor of 26435424 and 21099.
1623
What is the highest common factor of 208728734 and 76554?
8506
Calculate the greatest common factor of 8020186 and 445774.
3746
What is the highest common factor of 28883 and 22423?
17
Calculate the highest common divisor of 39096 and 881496.
216
Calculate the highest common divisor of 873471 and 2829.
69
What is the greatest common factor of 104352 and 1564193?
1087
Calculate the greatest common divisor of 8127417 and 28230.
2823
Calculate the highest common divisor of 15522 and 313014.
78
What is the highest common factor of 2268756881 and 25862?
12931
What is the highest common divisor of 484 and 781965404?
484
What is the greatest common factor of 2462 and 108776084?
2462
Calculate the greatest common factor of 7566 and 1009788.
78
Calculate the highest common factor of 13048 and 195349064.
1864
Calculate the greatest common factor of 2532 and 7442814.
1266
What is the greatest common factor of 109736 and 165880?
2552
Calculate the highest common factor of 53730 and 146095850.
1990
Calculate the highest common factor of 1346 and 53259874.
1346
What is the highest common divisor of 1694 and 646723?
77
What is the highest common divisor of 81435 and 365745?
15
What is the highest common divisor of 1102 and 86302294?
38
What is the greatest common factor of 408 and 32794428?
204
Calculate the highest common divisor of 9676 and 1012372.
164
Calculate the highest common divisor of 15522727 and 121.
121
What is the greatest common divisor of 17682850 and 275?
25
What is the highest common divisor of 72696 and 10662756?
156
Calculate the greatest common divisor of 408854 and 64.
2
Calculate the greatest common factor of 1584 and 4351632.
48
What is the highest common factor of 3432 and 141362520?
312
What is the highest common divisor of 7654 and 10607326?
86
Calculate the greatest common factor of 75507699 and 129.
129
Calculate the highest common factor of 580616241 and 3.
3
What is the greatest common divisor of 14968 and 37171157?
1871
What is the highest common divisor of 2608 and 2824138?
326
Calculate the highest common factor of 19719 and 4799277.
63
What is the highest common factor of 40909 and 2673?
11
Calculate the greatest common divisor of 183171120 and 132.
132
Calculate the highest common divisor of 348 and 2732003.
29
What is the highest common divisor of 12882 and 5004318?
678
Calculate the highest common divisor of 4078720 and 10880.
640
What is the highest common factor of 1183 and 16336684?
91
What is the greatest common divisor of 58202926 and 69?
23
What is the highest common factor of 12 and 12975594?
6
What is the greatest common divisor of 1010055 and 1934133?
699
Calculate the greatest common factor of 192046 and 221366.
1466
What is the highest common divisor of 3472 and 239696?
16
What is the highest common factor of 694 and 88938182?
694
Calculate the highest common factor of 1430286 and 11154.
858
What is the greatest common divisor of 192 and 167680?
64
Calculate the highest common divisor of 241116 and 152.
4
What is the highest common factor of 237144 and 186534?
1446
Calculate the greatest common divisor of 1143 and 5371973.
127
What is the greatest common divisor of 336177550 and 255?
85
What is the greatest common divisor of 1392 and 437001?
87
Calculate the greatest common divisor of 1620432 and 503037.
837
What is the highest common factor of 152338 and 2124?
118
Calculate the highest common divisor of 100870 and 2698993.
1441
Calculate the greatest common divisor of 17516705 and 620.
155
What is the highest common factor of 30659538 and 1092?
546
What is the greatest common divisor of 2645 and 4081235?
2645
Calculate the highest common divisor of 22893 and 1079.
13
What is the highest common divisor of 204386 and 27118?
182
What is the highest common divisor of 1255245 and 30?
15
Calculate the highest common divisor of 2910 and 186519845.
485
Calculate the highest common divisor of 84 and 84960.
12
What is the highest common factor of 5593289 and 221?
221
Calculate the highest common divisor of 71058 and 36296.
26
What is the highest common factor of 405545 and 8925?
35
Calculate the greatest common divisor of 10999932 and 232.
116
Calculate the highest common divisor of 141404985 and 270.
45
What is the highest common divisor of 38988642 and 112?
14
Calculate the highest common factor of 889980 and 1544914.
2282
What is the greatest common divisor of 355859251 and 5786?
2893
Calculate the greatest common factor of 239759 and 8021.
13
What is the highest common factor of 306 and 17885870?
34
Calculate the highest common divisor of 332 and 17585044.
332
What is the highest common divisor of 778350048 and 32?
32
What is the highest common factor of 2015 and 456859?
13
Calculate the greatest common factor of 319725 and 892731.
147
Calculate the greatest common factor of 225 and 5817411.
9
What is the greatest common divisor of 5879055 and 120?
15
Calculate the greatest common factor of 187736985 and 180.
45
What is the greatest common factor of 17576 and 13367900?
676
Calculate the greatest common divisor of 97096080 and 2280.
2280
Calculate the highest common divisor of 176 and 1366656.
16
Calculate the greatest common divisor of 14623693 and 18403.
1673
What is the highest common factor of 259013930 and 12810?
4270
What is the greatest common divisor of 28 and 70318?
2
What is the highest common divisor of 34419 and 62139?
231
What is the highest common factor of 123584 and 3010429?
1931
Calculate the highest common factor of 1320411 and 68269.
233
Calculate the greatest common divisor of 1591056395 and 8165.
8165
What is the greatest common divisor of 84197 and 105179?
269
Calculate the greatest common factor of 214 and 7123632.
214
Calculate the greatest common factor of 3101 and 99029.
7
What is the highest common factor of 467943 and 294?
21
Calculate the highest common factor of 155 and 7483555.
155
Calculate the highest common divisor of 13905 and 5113023.
309
Calculate the greatest common divisor of 500724630 and 4410.
4410
Calculate the highest common factor of 70930 and 51865.
205
What is the greatest common factor of 3302650 and 1300?
650
What is the highest common factor of 430008 and 497781?
2337
Calculate the highest common divisor of 1176 and 41608.
56
What is the greatest common divisor of 364 and 1429106?
14
What is the greatest common divisor of 4724083 and 1701?
7
What is the greatest common factor of 6795 and 342645?
15
Calculate the highest common divisor of 25375 and 389963.
203
Calculate the greatest common divisor of 2050 and 249483975.
1025
What is the greatest common divisor of 84848 and 588633?
5303
What is the greatest common divisor of 1115 and 12401476?
223
What is the greatest common factor of 6020 and 14103355?
1505
What is the greatest com